
2
Suppose -27*q = -26443 - 18647. What is the units digit of q?
0
Suppose -z - 7 = -3*a + a, 18 = 2*z + 4*a. What is the hundreds digit of -1 - ((-1018)/6 - z/3)?
1
What is the hundreds digit of (-91928)/(-20) - (-4)/(-10)?
5
Suppose -37*w + 41440 = -2*w. What is the tens digit of w?
8
Suppose 0 = -2*v - 4*u + 52 - 16, 0 = 3*v + 2*u - 42. Suppose 2*p - v = -3*k, 3*k + k = 3*p + 16. Suppose p = -0*y - 2*y + 40. What is the units digit of y?
0
Let x = 23 + 88. Let j = x - 66. Suppose 5*b - j = -0*b. What is the units digit of b?
9
Suppose 4*w - 383 - 409 = 0. Suppose -56 = d - w. What is the hundreds digit of d?
1
Suppose 126 = -2*c + 132. Suppose 0 = -5*x + 3*x + 2*l + 338, 2*x + c*l = 363. What is the hundreds digit of x?
1
Let w = -151 + 913. What is the tens digit of w?
6
Let c(i) be the third derivative of 0*i + 0 + 1/6*i**3 - 8*i**2 + 1/2*i**4. What is the units digit of c(4)?
9
Suppose 63 + 37 = -4*c. Let v be (-5)/c + 1/(-5). Suppose -3*j + 5 + 79 = v. What is the tens digit of j?
2
Let o(g) = -g + 7. Let j be o(6). Let y = 3 - j. Suppose -5*p = y*t - 112, 2*t - p - 108 = -5*p. What is the units digit of t?
6
Let i be ((-752)/96 + (-1)/(-6))*-12. Let h = -91 + i. What is the units digit of h?
1
Let s(j) = 1485*j**2 + j + 2. What is the tens digit of s(1)?
8
Let i(h) be the third derivative of h**7/840 - h**6/120 - h**5/15 - 3*h**2. Let x(a) be the third derivative of i(a). What is the units digit of x(7)?
6
Let i = -75 - -154. Suppose -2*b + 269 - i = 0. What is the tens digit of b?
9
Let k = -23 - -11. Let w(y) = -3*y - 33. Let v be w(-10). Let j = v - k. What is the units digit of j?
9
Suppose 3 = -4*h + 5*r + 23, 5*r + 10 = 2*h. Suppose -h*k - 3*u + 34 - 7 = 0, -2*u - 26 = -4*k. What is the units digit of k?
6
Suppose 0*q - 4*q + 120 = 0. Suppose q = 3*i + 3*i. Suppose 37 + 163 = i*m. What is the tens digit of m?
4
Suppose 0*q = q - 13. Let j = q - 10. Suppose -j*x = -4*t - 11, 4*t + 1 = 5*x + 6*t. What is the units digit of x?
1
Suppose 0 = 34*k - 40*k + 138. What is the tens digit of k?
2
Suppose 4*i = 2*p + 122, 5*p = i + 3*i - 323. Let y = 29 + p. Let v = y - -64. What is the tens digit of v?
2
Let p(o) = 84*o**2 - 3*o - 2. Let t = 14 - 15. Let f be p(t). Let h = f + -58. What is the tens digit of h?
2
Let w(y) = y - 8. Let u(a) = 3*a**3 - 4*a**2 + 3*a - 2. Let q be u(2). Let k be w(q). What is the units digit of k/18 - 28/(-36)?
1
Suppose -2 = -8*o - 202. Let y = 20 - o. What is the tens digit of y?
4
Let r = -14 + 393. What is the hundreds digit of r?
3
Let n(x) = x**3 - x**2 + x + 47. Suppose m + 4*m = 0. What is the units digit of n(m)?
7
Let a be (5 + 1 - 3) + -3. Let o(g) = -g**3 + 2*g**2 + g + 5. What is the units digit of o(a)?
5
Let i(a) = -5*a**3 - 8*a**2 + 2*a - 9. What is the units digit of i(-6)?
1
What is the tens digit of 208/(-6)*(609/(-14) + -12)?
2
Let t(q) = -2*q - 30. Let h be t(19). Let u = 38 - h. What is the tens digit of u?
0
Suppose -13 = 5*y - 33. What is the units digit of 50 - (4/y - -1)?
8
What is the units digit of ((-8)/(-12) - (-2104)/12)/2?
8
Suppose -5695 = -8*p + 3105. What is the units digit of p?
0
Let r = 4 + -1. Suppose -w + 32 = 3*c, -c = -3*w + 5*w - 4. Suppose 0 = r*n + 2*v - 3, -n + 2*v + c = n. What is the units digit of n?
3
Suppose 84 = 4*q + 4*g, 7 = -2*g + 3. Suppose s - 88 - q = -3*b, -2*s + 197 = b. What is the tens digit of s?
9
Let m = 13 - 15. Let a = 17 + m. Suppose -4*p = a - 63. What is the units digit of p?
2
Suppose 0 = -5*l - p + 108, -2*p + 27 = l - 0*p. Let b = 8 - 14. Let x = b + l. What is the units digit of x?
5
Let j(v) be the first derivative of -v**4/2 - 8*v**3/3 - 9*v**2/2 + 2*v + 3. What is the tens digit of j(-4)?
3
Let a(d) be the first derivative of -d**4/4 - d**3 + 3*d**2/2 + 4*d - 3. Let o be a(-4). Suppose o + 20 = 4*y. What is the units digit of y?
7
Let z = -262 - -2412. What is the units digit of z?
0
Let z(p) = -9 - 2 + 6*p - 5. Let j be z(5). Suppose j = 7*x - 5*x. What is the units digit of x?
7
Suppose 4*t - 2311 = -5*l, -931 = -2*l + 2*t + 3*t. Suppose -l + 93 = -5*i. What is the units digit of i?
4
Suppose 4*j + 3*g - 214 = 0, -j - 226 = -5*j + 3*g. Let m = -23 + j. What is the units digit of m?
2
What is the thousands digit of (4554/44)/(1/18)?
1
What is the units digit of 12/1 - 104652/(-36)?
9
Let p be -3 - (-3 + 5 + 0 + 3). What is the units digit of 19/3 - p/12?
7
Let p = -74 - -75. What is the tens digit of 116 + (1 - (3/(-3) + p))?
1
Let n(y) = y**2 + y. Let c be n(-4). Let g = -10 + c. Suppose 3*a = -0*a - 4*i + 5, 3*i + 26 = g*a. What is the units digit of a?
7
Let m = 575 - 840. What is the units digit of 3/(2 - m/(-135))?
1
Suppose 5*j + 0*j - 130 = 0. Let o = 15 + j. What is the units digit of o?
1
Let v(z) = z**2 - 2*z + 2. Let j be v(2). What is the units digit of (6/6)/(j/86)?
3
Let u(a) = 5*a + 6. Let t be u(3). Suppose 3 = -3*f + t. Suppose f*x + 93 = 9*x. What is the tens digit of x?
3
Let j be (-1)/(2 + (-18)/10). Let w be (1 - 1) + (-3 - j). Suppose r + w = 14. What is the units digit of r?
2
Let d = -615 + 975. What is the units digit of d?
0
Suppose -2*i = -i + 69. Let q be 1/6 - i/18. Suppose -u = -q - 5. What is the units digit of u?
9
Let r = -121 - -213. Let c = r - 62. Let w = c - 13. What is the units digit of w?
7
Let f be 0 + 0 - 31/31. Let b(r) = -351*r**3 + r**2 + r. What is the tens digit of b(f)?
5
Let q(z) = -3*z**3 - z**2 + z + 1. Let h(g) = g - 11. Let a be h(10). Let u be q(a). Suppose -2*w - u*w + 16 = 0. What is the units digit of w?
4
Let s = -38 - -31. Let q(b) = b**3 + 8*b**2 + 2*b + 5. What is the tens digit of q(s)?
4
Suppose -18 = -2*g - 5*y, g + 2*y = 1 + 8. Suppose -126 = -2*u + 3*j - g, 4*u - 229 = j. Suppose 5*l = -17 + u. What is the units digit of l?
8
Let o be (-6)/10 + 678/30. Let q(c) = 2*c**2 + 11*c - 11. Let l be q(-9). Let s = l - o. What is the tens digit of s?
3
Let h(f) = -7*f**2 - 256*f - 57. What is the tens digit of h(-34)?
5
Let w(t) = t**3 - t**2 - t - 1. Let f(j) = 4*j**3 - 8*j**2 - 4*j + 2. Let z(h) = f(h) - 3*w(h). Let i be (-20)/(-6)*2*27/30. What is the units digit of z(i)?
5
Let r(f) = f**2 + 4. Let x(w) = -w**2 - w + 4. Let h be x(2). Let q be r(h). What is the units digit of (q/(-10))/(2/(-20))?
8
Let m = -40 + -9. What is the tens digit of -117*(m/33 + (-6)/33)?
9
Let d(w) = w**3 + 30*w**2 + 33*w - 6. What is the units digit of d(-28)?
8
Let h(a) = 11*a - 37. Let l be h(7). Suppose -5*k - 4*y + 24 - 111 = 0, -k - 23 = -2*y. Let c = k + l. What is the tens digit of c?
2
Suppose 14366 = 22*c - 60918. What is the hundreds digit of c?
4
What is the hundreds digit of -12*((-1)/2)/((-8)/(-716))?
5
Suppose -2*l + 114 = -288. What is the units digit of l?
1
Suppose -5*h + h + 4 = 4*w, w = -2. Let o = -1 - h. Let n(y) = -4*y. What is the tens digit of n(o)?
1
Suppose 5009 = 8*t - 447. What is the units digit of t?
2
Let g = 1073 + -544. What is the tens digit of g?
2
Let z = -2 - -2. Let c be 1 + (1 - z)*-6. What is the units digit of (c/4)/(-5)*4?
1
Suppose -p = 27 - 29. Suppose -3*d = -0*d + 2*b - 251, -164 = -p*d - 2*b. What is the tens digit of d?
8
Let g(t) = -6*t**3 - 3*t**2 - 2*t + 1. Let h be g(-3). Suppose -x + h = x. What is the units digit of x?
1
Let u = 1845 + -1298. What is the units digit of u?
7
Suppose 4*v - 3*v - 11 = 0. Let q = -9 + v. What is the units digit of (9/(-6)*q)/(-1)?
3
What is the thousands digit of (-71286)/(-763)*98/3?
3
Let s(y) = 6*y**3 + 1 - y - 4*y**3 - 3*y**3 - 3*y**2. Let m be s(-3). Suppose m*o - 72 = -3*z + 8*z, -4*z = 0. What is the units digit of o?
8
Let u = 265 - 154. Suppose -u = 4*y + 29. Let l = -17 - y. What is the units digit of l?
8
Let o = -9 - -9. Suppose -2*i + 22 + 340 = o. What is the tens digit of i?
8
Let c(d) = 18*d**2 + 1. Let m be c(-1). Suppose 4*b + 1 = -4*x - b, -5*b = x + m. Suppose -3*p + x = -2*p + 4*a, -5*p + 46 = 4*a. What is the tens digit of p?
1
Suppose -2*h - o = -2, -5*o + 9 = -1. Suppose -6*u + 342 = -h*u. What is the tens digit of u?
5
Let n(s) = -s + 7. Let w(j) = -5*j**3 + j**2 + j. Let b be w(-1). Let r be n(b). What is the units digit of -9*(r + 7/(-3))?
3
Suppose 14*d + 236 = 15*d + p, -d = 3*p - 232. What is the hundreds digit of d?
2
Let j(w) = -5*w + 8*w**2 - 3*w + 9 - w**3 + 0*w. Let k be j(7).